{"id":12,"date":"2021-11-10T20:20:22","date_gmt":"2021-11-10T20:20:22","guid":{"rendered":"http:\/\/allezmama.nl\/second\/?page_id=12"},"modified":"2023-12-06T15:06:16","modified_gmt":"2023-12-06T15:06:16","slug":"english-francais","status":"publish","type":"page","link":"http:\/\/allezmama.nl\/second\/english-francais\/","title":{"rendered":"English\/Fran\u00e7ais"},"content":{"rendered":"<p style=\"text-align: center;\"><img loading=\"lazy\" decoding=\"async\" src=\"http:\/\/www.allezmama.nl\/second\/spullen\/uploads\/2018\/02\/Studio27-allez-HD.jpg\" alt=\"\" width=\"900\" height=\"586\" \/><\/p>\n<h4>English<\/h4>\n<p>Allez Mama is a \u201cWorld Beat Zydeco\u201d band from the Netherlands, inspired by rhythms rooted firmly in South-West Louisiana. Their Double Clutchin\u2019 zydeco incorporates blues, folk, polkas and even some funk &#8211; the best ingredients for Music Gumbo Stew!<br \/>\nFrom the start, over twenty years ago, the band\u2019s main objective has been to have fun on stage and live the good life. In cajun lingo: laissez les bons temps rouler! Soon they landed a hit in the Netherlands with \u201cJe Liegt Dat Je Barst\u201d (You Lie Like A Cheap Thai Watch) which brought them recognition, airplay, television gigs and a &#8211; somewhat modest &#8211; financial success. Most important of all, the band was booked solid all around the 90\u2019s, doing what they like best, playing the roof off of every venue they visited.<\/p>\n<p><img loading=\"lazy\" decoding=\"async\" class=\"size-medium wp-image-37 alignleft\" src=\"http:\/\/www.allezmama.nl\/second\/spullen\/uploads\/2018\/02\/ad-ben-english-300x296.jpg\" alt=\"\" width=\"300\" height=\"296\" \/>But although the hype around Allez Mama has subsided, the band is showing no signs of slowing down. These five seasoned staged tigers are still going strong, playing all around in Holland as well as abroad. They still perform their hits, but with many new songs added, as well as cajun &amp; zydeco traditionals. Every song is heavily peppered with the Allez Mama flavour: screaming harmonica, honking accordion, bluesy lead guitar, melodic bass and a relentless drum beat.<\/p>\n<p>Allez Mama has produced six albums up to now, the seventh one already taking baby steps in rehearsal. Their latest album, \u201cLagniappe\u201d contains eleven covers of songs written by the likes of Bob Dylan, Bruce Springsteen, The Dixie Cups, Mumford and Sons and several well known Dutch artists, steeped in heady Louisiana moonshine.<br \/>\nThe lyrics, mostly written by frontman Lenny Laroux, cover \u201cthe thinkers, the drinkers and the dreamers\u201d and the life of a band on the road.<\/p>\n<p>The press in Holland appreciates the band\u2019s originality in its approach to cajun and zydeco, saying: \u201cAllez Mama smoothly blends grooves like no other band could.\u201d They describe the lyrics by Laroux as \u201ckeen and poetic at the same time\u201d.<\/p>\n<p>Onstage, the high-energy World Beat Zydeco of Allez Mama is a full body-and-soul experience for everyone in the audience. It\u2019s certain to keep crowd dancing, as well as appeasing lovers of the more traditional cajun &amp; zydeco. One thing is for sure: the party won\u2019t stop as long as Allez Mama is playing.<\/p>\n<h4>Personnel:<\/h4>\n<p>&#8211; Lenny Laroux: accordion, squeezers &amp; vocals<br \/>\n&#8211; M. &#8220;Baaf&#8221; Stavenuiter: drums &amp; vocals<br \/>\n&#8211; Peter de Frankrijker: guitar, mandolin &amp; vocals<br \/>\n&#8211; Erik van Es: bass &amp; vocals<br \/>\n&#8211; Ad van Emmerik: harmonica, mandolin, washboard and other stuf<\/p>\n<p>Record company: Silvox Records \u2013 Bontebrug \u2013 www.silvox.nl<\/p>\n<hr \/>\n<h4>Fran\u00e7ais<\/h4>\n<p>Allez Mama est un groupe &#8221; World Beat Zydeco &#8221; des Pays-Bas, inspir\u00e9 par les rythmes du Sud-Ouest de la Louisiane . Leur \u2018double d\u00e9brayage zydeco\u2019 est influenc\u00e9 de blues, folk, polkas et m\u00eame une goutte de funk &#8211; les meilleurs ingr\u00e9dients pour un vrai gombo de musique!<br \/>\nD\u00e8s le d\u00e9but, il ya plus de vingt ans, le but principal du groupe \u00e9tait de prendre du plaisir sur sc\u00e8ne. Comme on dit dans le Cajun: laissez les bons temps rouler! Leur premier succ\u00e8s aux Pays-Bas a \u00e9t\u00e9 la chanson &#8220;Je Liegt Dat Je Barst &#8221; (Tu Ments Comme Un Arracheur De Dents). Ce qui l&#8217; a fait conna\u00eetre: AirPlay , des concerts t\u00e9l\u00e9vis\u00e9s et une r\u00e9ussite financi\u00e8re &#8211; plut\u00f4t modeste \u2013 . Mais ce qui comptait le plus \u00e9tait d&#8217;\u00eatre continuellement sur sc\u00e8ne pendant les ann\u00e9es 90, en faisant ce qu&#8217;il aimait par dessus tout cr\u00e9er une ambiance ph\u00e9nom\u00e9nale avec de l\u2019audience.<\/p>\n<p><img loading=\"lazy\" decoding=\"async\" class=\"alignright wp-image-60 \" style=\"margin-top: 6px; margin-left: 10px;\" src=\"http:\/\/www.allezmama.nl\/second\/spullen\/uploads\/2018\/02\/peter-ben-francais.jpg\" alt=\"\" width=\"372\" height=\"299\" \/>Malgr\u00e9 que le matraquage publicitaire autour de Allez Mama ait disparu, le groupe ne montre aucun signe de ralentissement. Ses cinq membres sont toujours en concert dans toute la Hollande et au-del\u00e0, jouent leur hits, des nouvelles chansons, ainsi que du cajun et zydeco pure tradition. Chaque chanson assaisonn\u00e9e au gout d\u2019 Allez Mama: des hurlements d&#8217; harmonica, des cri d\u2019accord\u00e9on, des solo de guitare blues, de la basse m\u00e9lodique et un rythme de roulement increvable.<\/p>\n<p>Allez Mama a sorti six albums studio jusqu&#8217;\u00e0 pr\u00e9sent et un septi\u00e8me en pr\u00e9paration. Leur dernier album, &#8220;Lagniappe&#8221; contient onze reprises de chansons de Bob Dylan, Bruce Springsteen, The Dixie Cups, Mumford and Sons et plusieurs artistes N\u00e9erlandais. Les paroles, la plupart \u00e9crites par le chanteur Lenny Laroux, passent par des th\u00e8mes allant des penseurs, buveurs, r\u00eaveurs et la vie d&#8217;un groupe sur la route.<br \/>\nLa presse Hollandaise pr\u00e9sente le groupe Allez Mama comme un groupe unique en son genre avec leur m\u00e9lange original de cajun et zydeco et, salue les textes de Laroux vifs et po\u00e9tiques.<\/p>\n<p>Sur sc\u00e8ne, les rythmes \u00e9nergiques de Allez Mama sont un m\u00e9lange complet &#8220;corps-et-\u00e2me&#8221; pour tout le public. Il est autant certain de voir danser la foule, qu&#8217;int\u00e9resser les amateurs d&#8217;apaisement de la cajun et zydeco plus traditionnelle. Une chose est s\u00fbre: la f\u00eate ne s\u2019arr\u00eatera pas tant que Allez Mama jouera.<\/p>\n<h4>Membres du groupe:<\/h4>\n<p>&#8211; Lenny Laroux: accord\u00e9on, squeezers &amp; vocal<br \/>\n&#8211; M. &#8220;Baaf&#8221; Stavenuiter: batterie &amp; vocal<br \/>\n&#8211; Peter de Frankrijker: guitare, mandoline &amp; vocal<br \/>\n&#8211; Erik van Es: la basse &amp; vocals<br \/>\n&#8211; Ad van Emmerik: l\u2019harmonica, mandoline, washboard et autre choses<\/p>\n<p>Maison de disques: Silvox Records \u2013 Bontebrug \u2013 www.silvox.nl<\/p>\n<h4>Clips:<\/h4>\n<table class=\" aligncenter\" style=\"width: 1140px; border-color: #3c6583;\">\n<tbody>\n<tr>\n<td><iframe loading=\"lazy\" src=\"https:\/\/www.youtube.com\/embed\/1LTqX5zFHeg?rel=0\" width=\"560\" height=\"315\" frameborder=\"0\" allowfullscreen=\"allowfullscreen\"><\/iframe><\/td>\n<td style=\"width: 50px;\"><\/td>\n<td><iframe loading=\"lazy\" title=\"YouTube video player\" src=\"https:\/\/www.youtube.com\/embed\/JM-dbS1haSE\" width=\"560\" height=\"315\" frameborder=\"0\" allowfullscreen=\"allowfullscreen\"><\/iframe><\/td>\n<\/tr>\n<\/tbody>\n<\/table>\n","protected":false},"excerpt":{"rendered":"<p>English Allez Mama is a \u201cWorld Beat Zydeco\u201d band from the Netherlands, inspired by rhythms rooted firmly in South-West Louisiana. Their Double Clutchin\u2019 zydeco incorporates blues, folk, polkas and even some funk &#8211; the best ingredients for Music Gumbo Stew! From the start, over twenty years ago, the band\u2019s main objective has been to have [&hellip;]<\/p>\n","protected":false},"author":1,"featured_media":0,"parent":0,"menu_order":2,"comment_status":"closed","ping_status":"closed","template":"","meta":{"footnotes":""},"class_list":["post-12","page","type-page","status-publish","hentry"],"_links":{"self":[{"href":"http:\/\/allezmama.nl\/second\/wp-json\/wp\/v2\/pages\/12","targetHints":{"allow":["GET"]}}],"collection":[{"href":"http:\/\/allezmama.nl\/second\/wp-json\/wp\/v2\/pages"}],"about":[{"href":"http:\/\/allezmama.nl\/second\/wp-json\/wp\/v2\/types\/page"}],"author":[{"embeddable":true,"href":"http:\/\/allezmama.nl\/second\/wp-json\/wp\/v2\/users\/1"}],"replies":[{"embeddable":true,"href":"http:\/\/allezmama.nl\/second\/wp-json\/wp\/v2\/comments?post=12"}],"version-history":[{"count":16,"href":"http:\/\/allezmama.nl\/second\/wp-json\/wp\/v2\/pages\/12\/revisions"}],"predecessor-version":[{"id":56,"href":"http:\/\/allezmama.nl\/second\/wp-json\/wp\/v2\/pages\/12\/revisions\/56"}],"wp:attachment":[{"href":"http:\/\/allezmama.nl\/second\/wp-json\/wp\/v2\/media?parent=12"}],"curies":[{"name":"wp","href":"https:\/\/api.w.org\/{rel}","templated":true}]}}